
What is the remainder when 6130 is divided by 175?
5
Calculate the remainder when 76 is divided by 12.
4
Calculate the remainder when 873 is divided by 6.
3
What is the remainder when 2527 is divided by 625?
27
Calculate the remainder when 1404 is divided by 88.
84
What is the remainder when 957 is divided by 30?
27
What is the remainder when 49 is divided by 31?
18
Calculate the remainder when 5 is divided by 3.
2
Calculate the remainder when 630 is divided by 47.
19
Calculate the remainder when 389 is divided by 139.
111
What is the remainder when 341 is divided by 39?
29
Calculate the remainder when 516 is divided by 492.
24
What is the remainder when 149 is divided by 149?
0
What is the remainder when 205 is divided by 71?
63
What is the remainder when 2349 is divided by 110?
39
Calculate the remainder when 151 is divided by 39.
34
Calculate the remainder when 388 is divided by 193.
2
Calculate the remainder when 948 is divided by 10.
8
Calculate the remainder when 57 is divided by 24.
9
Calculate the remainder when 5470 is divided by 18.
16
What is the remainder when 418 is divided by 12?
10
Calculate the remainder when 1719 is divided by 74.
17
Calculate the remainder when 36 is divided by 20.
16
Calculate the remainder when 2741 is divided by 350.
291
What is the remainder when 1173 is divided by 56?
53
What is the remainder when 313 is divided by 105?
103
Calculate the remainder when 1837 is divided by 783.
271
Calculate the remainder when 387 is divided by 23.
19
What is the remainder when 1511 is divided by 24?
23
Calculate the remainder when 90 is divided by 47.
43
Calculate the remainder when 71 is divided by 15.
11
Calculate the remainder when 1758 is divided by 14.
8
What is the remainder when 127 is divided by 13?
10
What is the remainder when 407 is divided by 46?
39
Calculate the remainder when 1992 is divided by 29.
20
What is the remainder when 222 is divided by 57?
51
Calculate the remainder when 92 is divided by 40.
12
Calculate the remainder when 13523 is divided by 14.
13
Calculate the remainder when 180 is divided by 74.
32
What is the remainder when 368 is divided by 62?
58
Calculate the remainder when 205 is divided by 12.
1
What is the remainder when 259 is divided by 44?
39
Calculate the remainder when 7950 is divided by 142.
140
What is the remainder when 227 is divided by 4?
3
Calculate the remainder when 1291 is divided by 474.
343
What is the remainder when 437 is divided by 87?
2
What is the remainder when 176 is divided by 63?
50
Calculate the remainder when 146 is divided by 77.
69
What is the remainder when 115 is divided by 68?
47
Calculate the remainder when 7642 is divided by 196.
194
Calculate the remainder when 307 is divided by 11.
10
What is the remainder when 1327 is divided by 18?
13
Calculate the remainder when 138 is divided by 51.
36
Calculate the remainder when 3283 is divided by 31.
28
Calculate the remainder when 274 is divided by 85.
19
What is the remainder when 1011 is divided by 198?
21
What is the remainder when 1989 is divided by 11?
9
Calculate the remainder when 2758 is divided by 900.
58
What is the remainder when 101 is divided by 11?
2
What is the remainder when 499 is divided by 19?
5
Calculate the remainder when 192 is divided by 187.
5
Calculate the remainder when 812 is divided by 268.
8
What is the remainder when 182 is divided by 29?
8
What is the remainder when 574 is divided by 16?
14
What is the remainder when 350 is divided by 32?
30
What is the remainder when 151 is divided by 40?
31
Calculate the remainder when 546 is divided by 92.
86
Calculate the remainder when 7746 is divided by 24.
18
Calculate the remainder when 12082 is divided by 212.
210
Calculate the remainder when 67 is divided by 10.
7
What is the remainder when 89 is divided by 68?
21
What is the remainder when 107 is divided by 32?
11
What is the remainder when 68 is divided by 9?
5
Calculate the remainder when 10 is divided by 7.
3
What is the remainder when 387 is divided by 100?
87
Calculate the remainder when 4433 is divided by 553.
9
Calculate the remainder when 988 is divided by 22.
20
What is the remainder when 337 is divided by 122?
93
What is the remainder when 68 is divided by 27?
14
Calculate the remainder when 132 is divided by 38.
18
What is the remainder when 654 is divided by 99?
60
Calculate the remainder when 721 is divided by 240.
1
Calculate the remainder when 667 is divided by 84.
79
Calculate the remainder when 186 is divided by 58.
12
What is the remainder when 27536 is divided by 281?
279
Calculate the remainder when 1427 is divided by 26.
23
What is the remainder when 57 is divided by 11?
2
Calculate the remainder when 4647 is divided by 8.
7
What is the remainder when 1119 is divided by 19?
17
Calculate the remainder when 263 is divided by 21.
11
Calculate the remainder when 1858 is divided by 921.
16
What is the remainder when 548 is divided by 51?
38
Calculate the remainder when 2145 is divided by 19.
17
What is the remainder when 2152 is divided by 33?
7
What is the remainder when 718 is divided by 45?
43
What is the remainder when 741 is divided by 106?
105
Calculate the remainder when 6238 is divided by 120.
118
Calculate the remainder when 365 is divided by 60.
5
What is the remainder when 415 is divided by 11?
8
Calculate the remainder when 91 is divided by 34.
23
What is the remainder when 195 is divided by 18?
15
What is the remainder when 10677 is divided by 15?
12
Calculate the remainder when 32 is divided by 29.
3
Calculate the remainder when 81 is divided by 26.
3
What is the remainder when 258 is divided by 78?
24
What is the remainder when 4469 is divided by 38?
23
What is the remainder when 2357 is divided by 18?
17
Calculate the remainder when 442 is divided by 56.
50
Calculate the remainder when 206 is divided by 106.
100
What is the remainder when 3220 is divided by 1071?
7
Calculate the remainder when 250 is divided by 21.
19
Calculate the remainder when 69 is divided by 52.
17
Calculate the remainder when 115 is divided by 29.
28
Calculate the remainder when 1134 is divided by 17.
12
Calculate the remainder when 329 is divided by 80.
9
What is the remainder when 1132 is divided by 536?
60
Calculate the remainder when 159 is divided by 55.
49
Calculate the remainder when 186 is divided by 66.
54
Calculate the remainder when 1537 is divided by 27.
25
Calculate the remainder when 147 is divided by 38.
33
What is the remainder when 720 is divided by 19?
17
Calculate the remainder when 305 is divided by 22.
19
What is the remainder when 409 is divided by 129?
22
What is the remainder when 1622 is divided by 44?
38
What is the remainder when 32 is divided by 10?
2
Calculate the remainder when 1802 is divided by 598.
8
Calculate the remainder when 6926 is divided by 29.
24
Calculate the remainder when 150 is divided by 149.
1
What is the remainder when 37 is divided by 12?
1
What is the remainder when 223 is divided by 12?
7
What is the remainder when 170 is divided by 36?
26
What is the remainder when 59 is divided by 21?
17
Calculate the remainder when 3701 is divided by 19.
15
What is the remainder when 609 is divided by 18?
15
Calculate the remainder when 151 is divided by 64.
23
Calculate the remainder when 16923 is divided by 39.
36
What is the remainder when 22486 is divided by 113?
112
What is the remainder when 15298 is divided by 75?
73
Calculate the remainder when 283 is divided by 88.
19
What is the remainder when 55 is divided by 33?
22
What is the remainder when 129 is divided by 63?
3
Calculate the remainder when 91 is divided by 46.
45
Calculate the remainder when 457 is divided by 9.
7
Calculate the remainder when 798 is divided by 80.
78
What is the remainder when 530 is divided by 133?
131
Calculate the remainder when 58 is divided by 52.
6
What is the remainder when 1526 is divided by 66?
8
Calculate the remainder when 365 is divided by 63.
50
Calculate the remainder when 170 is divided by 9.
8
What is the remainder when 157 is divided by 36?
13
Calculate the remainder when 1994 is divided by 57.
56
What is the remainder when 1973 is divided by 25?
23
Calculate the remainder when 92 is divided by 32.
28
What is the remainder when 40 is divided